v) = -5*v**2 + 3*v - 1. Let t(i) = 5*i**2 - 2*i + 1. Let d(h) = 2*l(h) + 3*t(h). Does 12 divide d(n)?
False
Suppose 21*q = 20*q + y + 632, -2*q + 3*y = -1263. Is 31 a factor of q?
False
Let c(r) = 5*r + 134. Is c(17) a multiple of 44?
False
Suppose b = 4*q - 43, 6*q - 50 = q + 5*b. Suppose -q*a + 243 = 1. Is 6 a factor of a?
False
Let y be 11/77*7 - -82. Let t(z) = -14*z - 1. Let g be t(3). Let a = y + g. Is a a multiple of 10?
True
Let m be (4 + 0)/(0 + 2). Suppose 160 = m*v - 4*t, v + 3*t - 2*t = 83. Is 16 a factor of v?
False
Suppose d + 8 = -3*d. Let n be -7*1*(d - -1). Suppose 3*l - 103 = a, -2*l = -n*l + 5*a + 155. Does 9 divide l?
True
Let b(p) = -5*p**3 - p - 1. Let l be b(-1). Suppose 0 = 3*h + 32 - l. Is 5 a factor of 2/h - (-984)/54?
False
Suppose 3*f = -3*c + 759, 0 = -f + c + 32 + 215. Does 7 divide f?
False
Suppose -53*r = 13*r - 32208. Is r a multiple of 4?
True
Suppose -5*j - 3*i + 9211 = 2297, -1366 = -j + 5*i. Does 20 divide j?
False
Let h = -9 - -4. Let p be 14/(-6)*(8 + h). Let u = p + 39. Is u a multiple of 26?
False
Suppose -4*q = -k - 1502, 4*q + 5*k - 4*k = 1506. Is q a multiple of 8?
True
Suppose 0 = s - 3*f + 2*f - 4, -5*s - 4*f = -29. Suppose s*d = 4*t + 9 - 97, 0 = -d - 4. Is 9 a factor of t?
False
Let w = 4865 - 2702. Is w a multiple of 17?
False
Let p = 120 + 153. Does 13 divide p?
True
Does 22 divide (-99)/165 - (-936)/10?
False
Does 17 divide ((-6)/9)/(-1 - (-14498)/14502)?
False
Let a = -748 + 1028. Is 41 a factor of a?
False
Let i = 156 + -53. Suppose 0 = -5*m + x + i, -x = 5*m + 3*x - 88. Does 20 divide m?
True
Let s be (32/(-10))/((-32)/(-240)). Does 11 divide (-2)/(-6) - 1312/s?
True
Let c be 3/6*(-119 - -3). Let i = -34 - c. Is 4 a factor of i?
True
Let k = -815 + 1029. Does 8 divide k?
False
Suppose 55 - 195 = 10*u. Let g(n) = -n**2 - 16*n - 1. Is g(u) a multiple of 5?
False
Let p be 2*((3 - 2) + 8). Let m = -4 + p. Does 4 divide m?
False
Let a(x) = -9*x - 33. Let g be a(-5). Does 3 divide 3/6*(g + 1 - 1)?
True
Let s(h) = -6*h + 16. Suppose d = -5*o - 3*d - 41, 4*o + 5*d = -31. Is s(o) a multiple of 23?
False
Let m(l) = l**2 - 18*l + 19. Let n be m(17). Let x(y) = 39*y**2 + 4*y - 3. Does 30 divide x(n)?
False
Suppose 550 = x + 2. Does 20 divide x?
False
Suppose 3*u - 5*r - 8 - 19 = 0, -3*r = -5*u + 29. Let h be (-1 + -9)/(u/(-40)). Suppose 0 = 4*t - s - 133, -h = -3*t - 2*s - 3. Does 11 divide t?
True
Suppose -o = 4*f - 227, o + f - 228 = -2*f. Does 77 divide o?
True
Let i(b) = 43*b + 258. Does 12 divide i(32)?
False
Let r(a) be the first derivative of a**4/4 - 5*a**3/3 + 2*a**2 + 2*a - 2. Let y be r(4). Suppose -y*o = -11 - 1. Does 3 divide o?
True
Suppose 3*s - 83 = 3*q + 259, 0 = 4*q + 16. Let o = 65 - s. Is (-1)/2*2 - o a multiple of 11?
True
Does 14 divide -2 - (-4 + -687 + (-5 - -3))?
False
Suppose 24*m - 4*j - 1586 = 22*m, -3*m - j = -2386. Is m a multiple of 35?
False
Let l be 20/12 + (-5)/(-15). Suppose 0 = l*k - 49 - 79. Does 23 divide k?
False
Suppose 5588 = 15*f - 1792. Does 46 divide f?
False
Let z(s) = -71*s + 523. Is 4 a factor of z(6)?
False
Suppose 16 = 4*j + 224. Let b = 12 - j. Is 32 a factor of b?
True
Let r(v) = 774*v + 4. Is r(1) a multiple of 17?
False
Let w = 154 + -66. Suppose 0 = 7*c - w - 248. Does 6 divide c?
True
Let n be (-200)/(-75) + 2/(-3). Let y be (-1)/n - (-1292)/(-8). Does 11 divide 36/y + (-994)/(-18)?
True
Let a be (22/3)/((-28)/(-42)). Suppose -3*k = -2*v + 6, -5*k + a = 3*v + 40. Does 5 divide (7 + v)*15/6?
True
Suppose -5*z = -7*z + 450. Is z a multiple of 45?
True
Let x be (-1)/((-2)/116*2). Let i = -25 + x. Suppose -3*v = -2*v - i. Does 2 divide v?
True
Let c = 3 + 1. Suppose 2 = 2*n - c. Suppose -5*z = h - 42, z - n = 2*z. Is 18 a factor of h?
False
Let x(u) be the second derivative of u**5/20 - u**4/3 + u**3/2 + u**2/2 + 13*u. Is 10 a factor of x(4)?
False
Suppose 4*h + 4*c - 668 = 0, -17*c + 22*c - 511 = -3*h. Does 6 divide h?
True
Suppose 3*v + 57 = i + v, 183 = 3*i - 2*v. Is i a multiple of 7?
True
Is 65 a factor of 62/(-155) + 1627/5?
True
Suppose -17 + 111 = a. Suppose 2*f - a - 42 = 0. Is 17 a factor of f?
True
Let m(v) = -v**3 + 7*v**2 - 1. Let u be m(7). Let r be (-1 + (4 - 2))*u. Is 4 a factor of (1 + 0)*(r + 9)?
True
Let d = -46 - -78. Does 5 divide ((-5)/10)/((-2)/d)?
False
Let p = 44 + -67. Let l = 15 - p. Is l a multiple of 22?
False
Suppose 17*r - 935 = 12*r. Is r a multiple of 32?
False
Let w(x) = 11*x**3 + 2*x**2 + 2. Let t(k) = k**2 + k. Let j(h) = -3*t(h) + w(h). Is j(2) a multiple of 11?
False
Let x(i) = 8*i**2 - 2*i - 35. Does 39 divide x(-6)?
False
Suppose 2*v - 1 - 9 = 0. Let p = 8 - v. Suppose p*a - 22 = a. Does 5 divide a?
False
Does 18 divide (-3702)/(-9) + (-320)/(-120)?
True
Let i = -327 + 788. Is 35 a factor of i?
False
Suppose 4*v = 28*v - 4944. Does 61 divide v?
False
Is (-4)/5 + (-5412)/(-15) a multiple of 36?
True
Let b(z) = -3*z + 190. Does 8 divide b(-14)?
True
Suppose -4*f = -4*k + k - 1, -5*k - 5*f - 25 = 0. Does 12 divide (-1)/((15/k)/300)?
True
Let q(p) = -2*p**2 - 22*p + 14. Let x be q(-11). Suppose x - 112 = -v. Is 23 a factor of v?
False
Let n(t) = 3*t. Let v(r) = 4*r + 25. Let u(m) = -6*n(m) + 3*v(m). Is u(-12) a multiple of 5?
False
Suppose -8 - 2 = -4*f + 2*i, -2*i + 10 = 0. Suppose -f*c = -214 - 26. Is c a multiple of 9?
False
Suppose 0 = 3*a - 3, 6*a - 76 = 2*o + 2*a. Is (-3)/(3/o*(-4)/(-6)) a multiple of 27?
True
Suppose -2*r - 4*u = -24, -3*r = -0*r + 4*u - 26. Suppose 68 = r*z - 26. Is z a multiple of 16?
False
Let i = -9 + 3. Let l be i/(-12) + 22/4. Suppose 7*p = l*p + 8. Is p a multiple of 4?
True
Let x be (-3)/(-18) - (-116)/24. Let j be 292/x - 6/15. Suppose -n - j = -z, -5 + 3 = n. Is z a multiple of 28?
True
Does 20 divide 658 + 0 + -8 + 19?
False
Does 3 divide (2515/(-175) + (-9)/21)*-5?
False
Let w(a) = -a + 1. Let z be w(-4). Let v(t) = t**2 - t - 1. Let h(q) = -18*q**2 - 5*q - 4. Let j(b) = z*v(b) - h(b). Is j(1) a multiple of 14?
False
Let r(u) be the first derivative of u**2/2 - 6*u - 4. Let a be r(6). Suppose j - 5*v - 22 = a, 2*j + 0*v - 12 = 2*v. Does 2 divide j?
True
Suppose -19*i - 869 = -2085. Suppose -w + 160 + i = 0. Is w a multiple of 41?
False
Is 5*(48/20)/6 + 825 a multiple of 40?
False
Suppose 5*n = -5*r - 10, 0 = n - 5*r - 26 + 4. Suppose -2*i = -2*f + n, -i - 17 = -4*i - f. Suppose 4*g - 96 = i*p, -2*p = g - 11 - 13. Does 13 divide g?
False
Let p(s) = -s**2 - 2*s + 43. Let d be p(0). Let o = -3 + d. Is 8 a factor of o?
True
Is (-10)/((-150)/54465) + -1*1 a multiple of 66?
True
Suppose -i = -10*i + 7*i. Suppose 0 = -4*c + 5*k + 111, -33 = -c - i*c - 4*k. Does 9 divide c?
False
Let a = -1222 - -2256. Is a a multiple of 13?
False
Let l = 120 + -69. Suppose 5*t + 4*o - 98 = 2*t, t - l = -5*o. Does 13 divide t?
True
Let u = 4 + 13. Let m(q) = q**3 - 15*q**2 - 29*q + 13. Is 14 a factor of m(u)?
True
Let m be 55/33 - (-2 - (-10)/6). Does 15 divide 0 + 0 + m/(8/500)?
False
Suppose q - m - 1581 + 480 = 0, -2*q + 2172 = 4*m. Is 8 a factor of q?
True
Let u(d) = 3*d**2 - 21*d + 12. Let g be u(8). Suppose 2*w = 3*v - w + g, -5*v - 60 = 2*w. Is 23 a factor of (-3*184/v)/2?
True
Let q = -956 - -1515. Does 13 divide q?
True
Let f(y) = -y**2 - 9*y + 13. Let u be f(-10). Does 11 divide (-386)/(-4)*u*(-6)/(-9)?
False
Suppose 0 = -10*h - 23 + 93. Suppose h*q - 597 - 523 = 0. Is q a multiple of 20?
True
Let h(w) = -51*w - 1. Let q be h(-1). Suppose 5*l - q = 240. Is l a multiple of 12?
False
Suppose 0 = -13*d + 23731 - 6480. Is 87 a factor of d?
False
Suppose -p = -3*h + 13, 2*p = -p + 2*h - 32. Is p + 113 + (0 - -1) a multiple of 26?
True
Does 9 divide (192/(-40))/(4/10)*-6?
True
Let i = -26 + 12. Let d(h) = h**2 + 9*h + 2. Does 12 divide d(i)?
True
Is 19 a factor of 43683/18 + (15/(-18) - -1)?
False
Let h(k) = 6*k**2 + 5*k + 8. Let s(f) = -7*f**2 - 5*f - 9. Let o(v) = 3*h(v) + 2*s(v). Does 20 divide o(-8)?
False
Suppose 12*y - 766 - 638 = 0. Is y a multiple of 9?
True
Let w = 575 - 287. Suppose 3*n - w = -48. Does 8 divide n?
True
Let d(n) = 1 - 40*n**2 + 37*n**2 + 1 + 15*n - 6. Does 4 divide d(4)?
True
Is (10/15 - 3)*-345 a multiple of 35?
True
Let f(t) = t**3 + 6*t**2 + 46*t - 42. Does 35 divide f(10)?
False
Let i(a) = -a + 1. Let g(u) = 3*u + 24. Let s(j) = -g(j) + 6*i(j). Is s(-8) a multiple of 